 7, what is 3 - 310466?
-310463
In base 15, what is 1 - -16b5e?
16b60
In base 2, what is -1000111110100 - -100100?
-1000111010000
In base 3, what is 122222011 + -1000?
122221011
In base 14, what is 4 - -a35c?
a362
In base 13, what is 658 + 530?
b88
In base 12, what is -3 + -712a9?
-712b0
In base 8, what is 3 + 323364?
323367
In base 4, what is -320 - -23003?
22023
In base 15, what is 91 - 20?
71
In base 7, what is -165631 + 1?
-165630
In base 9, what is -1 + -561330?
-561331
In base 16, what is 59 + -14074?
-1401b
In base 7, what is 131146 + -26?
131120
In base 12, what is -148224 - 1?
-148225
In base 4, what is 1302 + -21300?
-13332
In base 11, what is 4747 + 77?
4813
In base 15, what is -1914 + -a3?
-19b7
In base 15, what is 1c98 - -4?
1c9c
In base 4, what is -1011 - 303212?
-310223
In base 5, what is 110 - -1001?
1111
In base 16, what is -ed8f - 7?
-ed96
In base 10, what is 1 - -278242?
278243
In base 3, what is 121211 - 10100222?
-2202011
In base 16, what is 6d + 5c9f?
5d0c
In base 10, what is -25 - 430?
-455
In base 6, what is -420 - 1103?
-1523
In base 7, what is -465 - -411?
-54
In base 2, what is -11000111110111001 + 1?
-11000111110111000
In base 10, what is -3 + -3249?
-3252
In base 16, what is -655 + 22?
-633
In base 13, what is 17b57 - -c4?
17c4b
In base 2, what is 101000111000000000001 - -10?
101000111000000000011
In base 8, what is 34 + 101675?
101731
In base 2, what is -11 + -1010100001011110101?
-1010100001011111000
In base 11, what is -386 - 20?
-3a6
In base 12, what is -1a05a3 - -4?
-1a059b
In base 3, what is 21200 + -2221201?
-2200001
In base 2, what is 11111101 - -100110101?
1000110010
In base 3, what is 1221102 + 1200?
2000002
In base 3, what is -1101 - 10022000?
-10100101
In base 16, what is -2b33 + 1b?
-2b18
In base 16, what is -1fa - 8a?
-284
In base 13, what is 327 + 9b?
3c5
In base 3, what is -102 - 2001102?
-2001211
In base 11, what is 79 - 6222?
-6154
In base 2, what is -1010001 + 111000110?
101110101
In base 14, what is -4 - 4d202?
-4d206
In base 11, what is -106 - -a22?
917
In base 6, what is -11310545 - -5?
-11310540
In base 4, what is -321012303 - 0?
-321012303
In base 8, what is 1 - -141440?
141441
In base 15, what is -9539 + 2?
-9537
In base 12, what is 63 + -806?
-763
In base 6, what is -3350500 + -4?
-3350504
In base 10, what is -2506670 - -4?
-2506666
In base 7, what is 0 - 550360?
-550360
In base 12, what is 2490 - -11a?
25aa
In base 9, what is 13 - 67556?
-67543
In base 16, what is 9 - 14d8?
-14cf
In base 13, what is 109c + -135?
c67
In base 6, what is 311455 + 4?
311503
In base 12, what is 5 + -17b12?
-17b09
In base 2, what is 1111100000110100 + 1?
1111100000110101
In base 3, what is 12222100220 + -10?
12222100210
In base 4, what is 23131 + -102?
23023
In base 13, what is -21 - 535b?
-537c
In base 6, what is -4 - -50201?
50153
In base 4, what is -21302 + 10020?
-11222
In base 4, what is -203101 - 302?
-210003
In base 11, what is 11 - 5a575?
-5a564
In base 6, what is 3051324 - 0?
3051324
In base 13, what is 8 + -a3a1b?
-a3a13
In base 9, what is 16 - 677?
-661
In base 10, what is -5 - -116955?
116950
In base 5, what is -3242300 + 2?
-3242243
In base 13, what is -1448 + 8?
-1440
In base 13, what is a + 12a0?
12aa
In base 14, what is -82c6d - -6?
-82c67
In base 6, what is -53320 + -1015?
-54335
In base 15, what is 7ab - -12?
7bd
In base 16, what is -bfc6 - 2?
-bfc8
In base 3, what is 100212110 - 21211?
100120122
In base 13, what is -5 - 14b42?
-14b47
In base 12, what is 12 - 1b2b3?
-1b2a1
In base 3, what is 11 - 2021211?
-2021200
In base 4, what is 11 + -11103011031?
-11103011020
In base 9, what is 3 - 351552?
-351548
In base 14, what is 17b2 + 4a?
181c
In base 8, what is 25 + -351?
-324
In base 16, what is -11ac - c4?
-1270
In base 16, what is -12b8b - 47?
-12bd2
In base 3, what is 10 + -20201002?
-20200222
In base 10, what is 57564 - 5?
57559
In base 7, what is 1334115 + 4?
1334122
In base 13, what is -140 + -41?
-181
In base 11, what is -1 - -11a1a7?
11a1a6
In base 11, what is -43393a + 2?
-433938
In base 8, what is 32121 + -24?
32075
In base 4, what is 11 + 232120?
232131
In base 3, what is -100022221 - 0?
-100022221
In base 13, what is 59 - -70?
c9
In base 14, what is 3 + -6660?
-665b
In base 7, what is -5 + -103202?
-103210
In base 7, what is 126 - -1513?
1642
In base 10, what is 3 - 25060?
-25057
In base 10, what is -7 - 27535?
-27542
In base 4, what is -2310 + -1031?
-10001
In base 16, what is -375581 - 3?
-375584
In base 10, what is 0 + -37268?
-37268
In base 7, what is 2306526 - 6?
2306520
In base 4, what is 10 - -30133030?
30133100
In base 6, what is -13015 + -515?
-13534
In base 10, what is -77 - -1266?
1189
In base 4, what is 12100 - 22223?
-10123
In base 12, what is -4 - -2ab64?
2ab60
In base 12, what is -3 - 7734?
-7737
In base 8, what is -375 - 3173?
-3570
In base 2, what is 1000110100 - -100111?
1001011011
In base 13, what is -162986 + 5?
-162981
In base 2, what is 10010110 + 1110001?
100000111
In base 13, what is -66 - -58?
-b
In base 8, what is -1732 - 100?
-2032
In base 11, what is 664 - 128?
537
In base 2, what is 10001011000111 - 100?
10001011000011
In base 5, what is -4124 - 3130?
-12304
In base 11, what is 126 - -270?
396
In base 5, what is -40 + 14444024?
14443434
In base 11, what is 5691 - -2?
5693
In base 15, what is 352 + -422?
-c0
In base 14, what is 7168 - -3?
716b
In base 6, what is -15 + -2540252?
-2540311
In base 4, what is -13310 + 21313?
2003
In base 13, what is a80 + 30?
ab0
In base 16, what is -1307 + -1a?
-1321
In base 13, what is -12 - 4b?
-60
In base 14, what is -47 - -18?
-2d
In base 7, what is 330 - -2122?
2452
In base 2, what is 10111001 - 1000001110111?
-111110111110
In base 7, what is -421435 - 1?
-421436
In base 4, what is 23201 + -330?
22211
In base 8, what is -3 + 41375?
41372
In base 5, what is -113420030 - 1?
-113420031
In base 2, what is 10 - -100001110000001100?
100001110000001110
In base 16, what is -2 - b782?
-b784
In base 5, what is -10 + -21300010?
-21300020
In base 6, what is -133251 + 144?
-133103
In base 7, what is 10 - 112043?
-112033
In base 15, what is 20b - -ed3?
11de
In base 12, what is 1711a - -2?
17120
In base 9, what is 147 + 546?
704
In base 9, what is -140414 + -20?
-140434
In base 16, what is -5 + 11036?
11031
In base 7, what is 145446 + -1?
145445
In base 7, what is 322165 + -1?
322164
In base 9, what is 6 - 167248?
-167242
In base 5, what is 12 + -1130022?
-1130010
In base 7, what is 11 + -120253?
-120242
In base 13, what is -64 - -2a7?
243
In base 9, what is -10581 + 11?
-10570
In base 12, what is -408 + -166b?
-1a77
In base 7, what is 11065122 + -5?
11065114
In base 15, what is -11976 + d?
-11968
In base 9, what is -150285 + 22?
-150263
In base 13, what is -11321 - 1?
-11322
In base 10, what is -2589 - 0?
-2589
In base 10, what is -3724 + -73?
-3797
In base 7, what is 10 - -6054?
6064
In base 5, what is -34330310 + 1?
-34330304
In base 16, what is -119 - 135?
-24e
In base 7, what is 3 + -35362?
-35356
In base 12, what is 1838 + 12?
184a
In base 10, what is -1179 - 16?
-1195
In base 2, what is -11010110001100011101 + 101?
-11010110001100011000
In base 11, what is -10a + -37?
-146
In base 2, what is 100100 + 1001001011?
1001101111
In base 8, what is -1640 - -236?
-1402
In base 10, what is -130532 - 4?
-130536
In base 15, what is 1b0 + -5e?
151
In base 7, what is -5 - 6551?
-6556
In base 8, what is 353 - 5?
346
In base 12, what is 129 + 2ba?
427
In base 9, what is 3 - 14048?
-14045
In base 2, what is -101011110 + -111101011?
-1101001001
In base 7, what is -113655 - 4?
-113662
In base 9, what is -5620 - -6?
-5613
In base 2, what is 10110 + -1001011100?
-1001000110
In base 9, what is -1508 + -171?
-1680
In base 4, what is -20120 - -2121?
-11333
In base 15, what is -71727 - 3?
-7172a
In base 6, what is -543400 + 5?
-543351
In base 13, what is -3 + -b7c35?
-b7c38
In base 3, what is -11110211012 - -2?
-11110211010
In base 7, what is 31315 + -1?
31314
In base 4, what is -1110 + -30021?
-31131
In base 7, what is -3323 - 20?
-3343
In base 16, what is -c363 - -d?
-c356
In base 5, what is -10 + -332423?
-332433
In base 8, what is 27 - 1703?
-1654
In base 16, what is 6985 + -3?
6982
In base 8, what is -61364 - 20?
-61404
In base 6, what is -5353